*2 + 248*s**2 - 59*s**2 - 65*s**2. Give z(3).
7
Let k = 204 - 217. Let w(a) = -12*a**2 - a**3 - 94 + 9*a + 92 + 4*a. Calculate w(k).
-2
Let o(s) = 4*s + 9 - 11*s + 8*s + 5*s. Let t be o(-9). Let b = -42 - t. Let p(v) = v**3 - 3*v**2 - 2*v + 2. Determine p(b).
-4
Let j(p) = -29618*p + p**3 - 5 + 8*p**2 - 18 + 29601*p. Give j(-10).
-53
Let b(y) = -y + 9. Let q = 120 - 75. Suppose 0 = -2*u + 5*z + q, -4 = -2*u - z + 23. Give b(u).
-6
Let c(f) be the second derivative of f**4/6 - 23*f**3/6 + 69*f**2/2 + 3750*f. Calculate c(6).
3
Let h = -7917 + 7925. Let w(v) = 27*v - 218. Give w(h).
-2
Let f(l) be the third derivative of 0*l**4 + 32*l**2 - 1/60*l**6 + 1/6*l**3 + 0*l**5 + 0*l + 0. Determine f(2).
-15
Let d(r) = -4*r + 21. Let o(c) = -14*c + 78. Let b(t) = 9*d(t) - 2*o(t). Give b(-8).
97
Let l(i) = -201*i**2 + 30. Let t(k) = 161*k**2 - 32. Let g(q) = -4*l(q) - 5*t(q). Let p = 0 - 0. Determine g(p).
40
Let s = 138 - 19. Let k(y) = s*y - 217*y + 113*y + 1. Determine k(-2).
-29
Let w(z) be the second derivative of -z**5/20 - z**4 - 5*z**3/3 + 70*z - 4. Calculate w(-11).
-11
Suppose 2*t - 5*k - 23 = -22, 5*t + 3*k = -44. Let z(r) be the third derivative of 0 + 0*r - 2*r**2 + 5/3*r**3 + 1/6*r**4. Give z(t).
-18
Let h(z) = -14*z - 5. Let r(i) = 12*i + 3. Let p(b) = 5*h(b) + 6*r(b). Let l(u) = -u**2 + 8*u + 52. Let w be l(12). Determine p(w).
1
Let c(v) = -v - 5. Suppose -5225*d = -5238*d + 52. Give c(d).
-9
Let r(i) be the first derivative of 0*i + 1/3*i**3 + 191 - i**2. Determine r(4).
8
Let s(m) be the first derivative of 2*m**3/3 + 15*m**2/2 - 13*m - 492. Give s(-8).
-5
Suppose 2*z + 5*v = -15, 0*z - 43 = 4*z - 3*v. Let x(s) be the third derivative of s**6/120 + 3*s**5/20 - 5*s**4/12 - s**3/3 + 9*s**2 - 40. Give x(z).
-2
Let b = 175 + 350. Let w = b - 514. Let q(g) = g**2 - 14*g + 8. Give q(w).
-25
Let a(r) = 35 - 4 - r**2 - 16 + 22*r + 14 - 17. Calculate a(17).
97
Let s be (-9)/(-17)*8840/780. Let w(p) = p**3 - 8*p**2 + 15*p - 19. What is w(s)?
-1
Let d(w) be the first derivative of -w**7/840 - w**6/360 + w**5/60 - w**4/6 - 149*w**3/3 - 39. Let h(y) be the third derivative of d(y). Give h(-3).
8
Let k(a) = 2*a**2 + a - 29. Let p be (-4)/(-10)*-1 + (-13464)/3740. Give k(p).
-1
Let i(n) = -n**2 - 7*n - 3. Let d be i(-5). Let s(w) = 3*w + 4406 + 2*w**2 - 6*w**2 - 4397 + 3*w**2. Calculate s(d).
-19
Suppose -117 = -50*u + 33. Let d(a) = -4*a + 8. Determine d(u).
-4
Let z = 6483 - 6486. Let a(g) = -g**2 + g - 1. Let b(o) = -o**2. Let m(t) = -6*t**2. Let h(r) = -11*b(r) + 2*m(r). Let u(w) = -3*a(w) + 4*h(w). Give u(z).
3
Let i = -4 + -4. Let g(l) = 0*l**2 - 5*l**2 + 11 - 3*l**2 + 2*l - 2*l**3 + l**3 + 0*l. Give g(i).
-5
Let t = 4854 + -4853. Let s(x) = 7*x**2 + 82*x - 83. Calculate s(t).
6
Let d(p) = -3*p + 7. Suppose -3*f = -3*k + 24, 2*f - 2 = -4*k - 0. Let w(n) = -n**3 - 5*n**2 + 8. Let z be w(f). Calculate d(z).
-17
Let l(y) = 5*y**3 + 3*y**2 + 2*y + 2. Let a(g) = -7*g**3 - g**2 - 3. Let m(k) = 2*a(k) + 3*l(k). What is m(-7)?
-42
Let w(k) be the first derivative of 44 + 1/2*k**2 - 5*k - 7/3*k**3. Let n(q) = 1. Let l(v) = 5*n(v) + w(v). Calculate l(1).
-6
Let q(u) = u + 8. Let d(l) be the third derivative of -l**6/120 - l**5/4 + 5*l**4/8 - 29*l**3/6 - 249*l**2. Let s be d(-16). Give q(s).
-5
Let h = -1026 + -84. Let s = 1117 + h. Let v(o) = -o + 2. Let t(a) = a - 1. Let k(j) = -5*t(j) - 6*v(j). Calculate k(s).
0
Let z(g) = -g**2 + 3*g - 10. Let t(r) = 10*r**2 - 86*r + 62. Let q(p) = t(p) + 4*z(p). Give q(12).
-2
Let d(k) = 7*k**2 - 14*k - 2. Let y be d(2). Let r be (3 - 7 - y)*(-27)/6. Let o be (r + -19)/(0 + 2). Let m(b) = -b**3 - 6*b**2 - 7*b - 6. Give m(o).
4
Let b(c) = c**3 + 6*c**2 + 6*c - 2. Let z(n) = n**2 + 6*n - 12. Let l(y) = y + 17. Let j be l(-12). Suppose -4*h - 23 = j. Let u be z(h). Give b(u).
-7
Let m(u) = -20*u**3 + 2*u**2 - u. Let s = 3654 - 3653. What is m(s)?
-19
Suppose -205*a - 288 - 752 = -75*a. Let h(f) = 3*f + 30. What is h(a)?
6
Suppose -11*p + 88 = -0*p. Let k(c) be the third derivative of -c**4/12 + c**3/3 - 3*c**2. Determine k(p).
-14
Let y be ((-68)/(-204))/(2/(-12)). Let r(c) = 7*c**2 + 3*c + 8. What is r(y)?
30
Suppose 3*l + 5*f = -15, 3 = -l + 2*f - 13. Let n = -10 - l. Let h(a) = -11 + n + 6 - a. What is h(-3)?
-2
Let u(o) = -15*o**3 - 12*o**2 - 4*o - 1. Let q(f) = 80*f**3 + 61*f**2 + 20*f + 4. Let i(g) = -2*q(g) - 11*u(g). Give i(-2).
-5
Let n(c) = -2*c - 3. Suppose -g = -31 - 99. Let o be 4/6 + g/39. Let q(s) = s**2 - 3*s. Let d be q(o). Give n(d).
-11
Let p(g) = -157*g**2 + 15*g - 2*g - 164*g**2 + 463*g**2 - 150*g**2 + g**3 + 3. What is p(6)?
9
Let i(b) = 21*b - 2*b + 2 - 16*b - b. Let o(x) = x**2 + 7*x + 4. Let n be o(-5). Let v be 4/n + (-10)/3. Determine i(v).
-6
Let u = -318 - -315. Let n(j) = -5*j**3 - 4*j**2 - 8*j - 4. Let m(b) = 8*b**3 + 9*b**2 + 15*b + 8. Let s(d) = u*m(d) - 5*n(d). Calculate s(8).
20
Let o(r) = 0 + r - r**3 - 3 + 4*r - 2*r**2. Suppose -3*f = z - 33, 7*f - 6*f - z = 15. Suppose 34 + 14 = -f*l. What is o(l)?
9
Let z = -24237 + 24236. Let d(p) be the first derivative of -p**2 - p + 3. What is d(z)?
1
Let w = -269 - -273. Let x(a) = -26*a**3 - 2 - w*a + 44*a**3 - 4*a**2 - 19*a**3 + 0. Give x(-4).
14
Let w(d) = 6*d**3 - 4*d**2 + 11*d - 3. Let o(q) = -2*q**2 - 2*q. Let s be o(-2). Let c(y) = -5*y**3 + 5*y**2 - 10*y + 2. Let u(j) = s*w(j) - 5*c(j). Give u(8).
-14
Let i(j) be the first derivative of -5*j**2 + 74*j - 9586. Calculate i(10).
-26
Let n(b) = -2088*b**2 - 61 + b**3 - 3 + 2131*b**2 - b + 12. What is n(-43)?
-9
Suppose -6*o + 61 - 19 = 0. Let w(m) be the first derivative of m**4/4 - 8*m**3/3 + 4*m**2 + 699. Calculate w(o).
7
Let q(f) = 224 + 184 - 16*f - 423 - 26*f**2 - 5*f**2. Give q(-1).
-30
Let w(j) = 15*j + 16. Let u(l) = 11*l + 19. Let q(r) = -5*u(r) + 4*w(r). Calculate q(9).
14
Let s be 0 + ((-6)/(-18) - 16/(-24)). Let n(f) = -33*f**2 - 4*f + 3. Calculate n(s).
-34
Let p(j) = j**3 + 11*j**2 - 11*j + 2. Suppose -4*d - 2*o = -4*o + 40, -d - 5*o - 32 = 0. Determine p(d).
-10
Let j(a) = -a**2 - 18*a - 24. Let w be j(-17). Let n be (-2)/14 + (-15)/w. Let m(q) = 3*q + n*q - 9 - 6*q + 0*q. Determine m(-9).
0
Let n(i) = -11*i**2 + 2*i - 5. Let y(u) = -u**3 + 17*u**2 - 4*u + 5. Let z(h) = 3*n(h) + 2*y(h). Determine z(0).
-5
Suppose 5*j + 38*n + 40 = 39*n, 3*j + 4*n + 24 = 0. Let z be (8/(-10))/(4/50). Let t = j - z. Let u(q) = -q**3 + q**2 + 3*q - 2. Calculate u(t).
0
Let m(l) = -2*l - 2*l + 0*l. Suppose 20 = j + 4*i, 0 = -j + i - 3*i + 12. Suppose -j = -5*u + 7*u. What is m(u)?
8
Let m be -6 - 3*(-16)/12. Let n be (5 - 2) + 14/m. Let t(b) = -5*b - 1. Calculate t(n).
19
Suppose a + 0*a + 5 = 0, -3*a = -4*c + 23. Suppose -4 = -c*j - 4*x, -3*j - x + 8 = -8. Let p(u) = 0 - 4 + 3 - u. Determine p(j).
-7
Let p(i) = i**3 - 6*i**2 + 2*i - 2. Let c be (18 + -14)/(4/5). Give p(c).
-17
Suppose p = -l, 0*p - l = 3*p. Let x(d) be the second derivative of -d**5/20 + d**4/12 + d**3/6 + d**2/2 - 13*d - 89. Determine x(p).
1
Let a(m) = m**2 - 145*m + 2537. Let s be a(125). Let x(l) = -l**2 + 39*l - 71. What is x(s)?
3
Let o(j) = -2*j**3 + 17*j**2 + 55*j - 243. Let x be o(10). Let c(b) = -b**2 + b + 23. Determine c(x).
-19
Let v be 2/(-7 - ((-200)/24 + 2)). Let q(m) = -6*m + 5. Calculate q(v).
23
Let l(o) be the second derivative of o**5/20 + 5*o**4/12 + 2*o**3/3 + 3*o**2/2 - 2*o + 3. Let r be 2*4/((-40)/(-75)). Suppose r - 3 = -3*m. What is l(m)?
3
Suppose n + 6*z - 2*z - 22 = 0, -n + 4*z - 10 = 0. Let m(v) = 1. Let k(l) = -3*l - 29 + 18 + 4*l. Let f(w) = -k(w) - 3*m(w). Determine f(n).
2
Let d be ((-38)/3 + 12)*(0 - 3). Let a(j) be the first derivative of 2 - j + 1/2*j**d. Calculate a(-5).
-6
Let a be (-3)/36*-3 + 94/8. Suppose -2 = s - 6. Let h = s - a. Let o(j) = j**2 + 9*j + 8. Calculate o(h).
0
Let u = 9 + 2. Suppose -5*t = w - 5*w + 10, 4*w - 2*t - 4 = 0. Suppose w = -u*i + 10*i - 5. Let z(g) = -3*g - 1. Determine z(i).
14
Let m(u) be the second derivative of -5*u**3/6 + 3*u**2/2 - 2*u. Let t(x) = -3*x**2 - x - 2. Let l be t(-1). Let f be ((78/l)/(-13))/(3/4). Determine m(f).
-7
Let j(z) = 554*z**2 + 28*z - 11 - 59 - 126 - 555*z**2. Calculate j(10).
-16
Let d(l) = 4*l**2 + 2*l - l**3 + 190 - 37 - 126. Determine d(5).
12
Let v(z) = -4*z**2 - 31*z + 20. Let r(b) = -6*b**2 - 46*b + 30. Let j(i) = -5*r(